{"id":13,"date":"2024-01-03T12:14:00","date_gmt":"2024-01-03T15:14:00","guid":{"rendered":"https:\/\/xn--digitalinteligncia-7wb.com.br\/?page_id=13"},"modified":"2024-01-23T15:18:47","modified_gmt":"2024-01-23T18:18:47","slug":"abertura","status":"publish","type":"page","link":"https:\/\/xn--digitalinteligncia-7wb.com.br\/","title":{"rendered":"Abertura"},"content":{"rendered":"\t\t<div data-elementor-type=\"wp-post\" data-elementor-id=\"13\" class=\"elementor elementor-13\" data-elementor-post-type=\"page\">\n\t\t\t\t<div class=\"elementor-element elementor-element-5096aa9 e-con-full e-flex e-con e-parent\" data-id=\"5096aa9\" data-element_type=\"container\" data-e-type=\"container\" data-settings=\"{&quot;background_background&quot;:&quot;classic&quot;}\">\n\t\t<div class=\"elementor-element elementor-element-e495a4a e-con-full e-flex e-con e-child\" data-id=\"e495a4a\" data-element_type=\"container\" data-e-type=\"container\">\n\t\t\t\t<div class=\"elementor-element elementor-element-83bef30 elementor-widget elementor-widget-menu-anchor\" data-id=\"83bef30\" data-element_type=\"widget\" data-e-type=\"widget\" data-widget_type=\"menu-anchor.default\">\n\t\t\t\t<div class=\"elementor-widget-container\">\n\t\t\t\t\t\t\t<div class=\"elementor-menu-anchor\" id=\"topo\"><\/div>\n\t\t\t\t\t\t<\/div>\n\t\t\t\t<\/div>\n\t\t\t\t<div class=\"elementor-element elementor-element-34cf1df elementor-widget elementor-widget-image\" data-id=\"34cf1df\" data-element_type=\"widget\" data-e-type=\"widget\" data-widget_type=\"image.default\">\n\t\t\t\t<div class=\"elementor-widget-container\">\n\t\t\t\t\t\t\t\t\t\t\t\t\t\t\t\t<a href=\"https:\/\/xn--digitalinteligncia-7wb.com.br\/index.php\/inicial\/\">\n\t\t\t\t\t\t\t<img fetchpriority=\"high\" decoding=\"async\" width=\"500\" height=\"500\" src=\"https:\/\/xn--digitalinteligncia-7wb.com.br\/wp-content\/uploads\/2024\/01\/Distico.png\" class=\"attachment-full size-full wp-image-141\" alt=\"\" srcset=\"https:\/\/xn--digitalinteligncia-7wb.com.br\/wp-content\/uploads\/2024\/01\/Distico.png 500w, https:\/\/xn--digitalinteligncia-7wb.com.br\/wp-content\/uploads\/2024\/01\/Distico-300x300.png 300w, https:\/\/xn--digitalinteligncia-7wb.com.br\/wp-content\/uploads\/2024\/01\/Distico-150x150.png 150w, https:\/\/xn--digitalinteligncia-7wb.com.br\/wp-content\/uploads\/2024\/01\/elementor\/thumbs\/Distico-qi9ptj2l5dxwbx4o4euyvi2q7n065pz06ia4qy765k.png 100w\" sizes=\"(max-width: 500px) 100vw, 500px\" \/>\t\t\t\t\t\t\t\t<\/a>\n\t\t\t\t\t\t\t\t\t\t\t\t\t\t\t<\/div>\n\t\t\t\t<\/div>\n\t\t\t\t<\/div>\n\t\t\t\t<\/div>\n\t\t\t\t<\/div>\n\t\t","protected":false},"excerpt":{"rendered":"","protected":false},"author":1,"featured_media":15,"parent":0,"menu_order":0,"comment_status":"closed","ping_status":"closed","template":"elementor_canvas","meta":{"footnotes":""},"class_list":["post-13","page","type-page","status-publish","has-post-thumbnail","hentry"],"yoast_head":"<!-- This site is optimized with the Yoast SEO plugin v27.6 - https:\/\/yoast.com\/product\/yoast-seo-wordpress\/ -->\n<title>Abertura | Digital Intelig\u00eancia<\/title>\n<meta name=\"robots\" content=\"index, follow, max-snippet:-1, max-image-preview:large, max-video-preview:-1\" \/>\n<link rel=\"canonical\" href=\"https:\/\/xn--digitalinteligncia-7wb.com.br\/\" \/>\n<meta property=\"og:locale\" content=\"pt_BR\" \/>\n<meta property=\"og:type\" content=\"article\" \/>\n<meta property=\"og:title\" content=\"Abertura | Digital Intelig\u00eancia\" \/>\n<meta property=\"og:url\" content=\"https:\/\/xn--digitalinteligncia-7wb.com.br\/\" \/>\n<meta property=\"og:site_name\" content=\"Digital Intelig\u00eancia\" \/>\n<meta property=\"article:modified_time\" content=\"2024-01-23T18:18:47+00:00\" \/>\n<meta property=\"og:image\" content=\"https:\/\/xn--digitalinteligncia-7wb.com.br\/wp-content\/uploads\/2024\/01\/GrupoMindBR.jpeg\" \/>\n\t<meta property=\"og:image:width\" content=\"380\" \/>\n\t<meta property=\"og:image:height\" content=\"380\" \/>\n\t<meta property=\"og:image:type\" content=\"image\/jpeg\" \/>\n<meta name=\"twitter:card\" content=\"summary_large_image\" \/>\n<script type=\"application\/ld+json\" class=\"yoast-schema-graph\">{\"@context\":\"https:\\\/\\\/schema.org\",\"@graph\":[{\"@type\":\"WebPage\",\"@id\":\"https:\\\/\\\/xn--digitalinteligncia-7wb.com.br\\\/\",\"url\":\"https:\\\/\\\/xn--digitalinteligncia-7wb.com.br\\\/\",\"name\":\"Abertura | Digital Intelig\u00eancia\",\"isPartOf\":{\"@id\":\"https:\\\/\\\/xn--digitalinteligncia-7wb.com.br\\\/#website\"},\"primaryImageOfPage\":{\"@id\":\"https:\\\/\\\/xn--digitalinteligncia-7wb.com.br\\\/#primaryimage\"},\"image\":{\"@id\":\"https:\\\/\\\/xn--digitalinteligncia-7wb.com.br\\\/#primaryimage\"},\"thumbnailUrl\":\"https:\\\/\\\/xn--digitalinteligncia-7wb.com.br\\\/wp-content\\\/uploads\\\/2024\\\/01\\\/GrupoMindBR.jpeg\",\"datePublished\":\"2024-01-03T15:14:00+00:00\",\"dateModified\":\"2024-01-23T18:18:47+00:00\",\"breadcrumb\":{\"@id\":\"https:\\\/\\\/xn--digitalinteligncia-7wb.com.br\\\/#breadcrumb\"},\"inLanguage\":\"pt-BR\",\"potentialAction\":[{\"@type\":\"ReadAction\",\"target\":[\"https:\\\/\\\/xn--digitalinteligncia-7wb.com.br\\\/\"]}]},{\"@type\":\"ImageObject\",\"inLanguage\":\"pt-BR\",\"@id\":\"https:\\\/\\\/xn--digitalinteligncia-7wb.com.br\\\/#primaryimage\",\"url\":\"https:\\\/\\\/xn--digitalinteligncia-7wb.com.br\\\/wp-content\\\/uploads\\\/2024\\\/01\\\/GrupoMindBR.jpeg\",\"contentUrl\":\"https:\\\/\\\/xn--digitalinteligncia-7wb.com.br\\\/wp-content\\\/uploads\\\/2024\\\/01\\\/GrupoMindBR.jpeg\",\"width\":380,\"height\":380},{\"@type\":\"BreadcrumbList\",\"@id\":\"https:\\\/\\\/xn--digitalinteligncia-7wb.com.br\\\/#breadcrumb\",\"itemListElement\":[{\"@type\":\"ListItem\",\"position\":1,\"name\":\"In\u00edcio\",\"item\":\"https:\\\/\\\/xn--digitalinteligncia-7wb.com.br\\\/\"},{\"@type\":\"ListItem\",\"position\":2,\"name\":\"Abertura\"}]},{\"@type\":\"WebSite\",\"@id\":\"https:\\\/\\\/xn--digitalinteligncia-7wb.com.br\\\/#website\",\"url\":\"https:\\\/\\\/xn--digitalinteligncia-7wb.com.br\\\/\",\"name\":\"Digital Intelig\u00eancia\",\"description\":\"Servi\u00e7os de Intelig\u00eancia Digital\",\"publisher\":{\"@id\":\"https:\\\/\\\/xn--digitalinteligncia-7wb.com.br\\\/#organization\"},\"potentialAction\":[{\"@type\":\"SearchAction\",\"target\":{\"@type\":\"EntryPoint\",\"urlTemplate\":\"https:\\\/\\\/xn--digitalinteligncia-7wb.com.br\\\/?s={search_term_string}\"},\"query-input\":{\"@type\":\"PropertyValueSpecification\",\"valueRequired\":true,\"valueName\":\"search_term_string\"}}],\"inLanguage\":\"pt-BR\"},{\"@type\":\"Organization\",\"@id\":\"https:\\\/\\\/xn--digitalinteligncia-7wb.com.br\\\/#organization\",\"name\":\"Digital Intelig\u00eancia\",\"url\":\"https:\\\/\\\/xn--digitalinteligncia-7wb.com.br\\\/\",\"logo\":{\"@type\":\"ImageObject\",\"inLanguage\":\"pt-BR\",\"@id\":\"https:\\\/\\\/xn--digitalinteligncia-7wb.com.br\\\/#\\\/schema\\\/logo\\\/image\\\/\",\"url\":\"https:\\\/\\\/xn--digitalinteligncia-7wb.com.br\\\/wp-content\\\/uploads\\\/2024\\\/01\\\/Distico.png\",\"contentUrl\":\"https:\\\/\\\/xn--digitalinteligncia-7wb.com.br\\\/wp-content\\\/uploads\\\/2024\\\/01\\\/Distico.png\",\"width\":500,\"height\":500,\"caption\":\"Digital Intelig\u00eancia\"},\"image\":{\"@id\":\"https:\\\/\\\/xn--digitalinteligncia-7wb.com.br\\\/#\\\/schema\\\/logo\\\/image\\\/\"}}]}<\/script>\n<!-- \/ Yoast SEO plugin. -->","yoast_head_json":{"title":"Abertura | Digital Intelig\u00eancia","robots":{"index":"index","follow":"follow","max-snippet":"max-snippet:-1","max-image-preview":"max-image-preview:large","max-video-preview":"max-video-preview:-1"},"canonical":"https:\/\/xn--digitalinteligncia-7wb.com.br\/","og_locale":"pt_BR","og_type":"article","og_title":"Abertura | Digital Intelig\u00eancia","og_url":"https:\/\/xn--digitalinteligncia-7wb.com.br\/","og_site_name":"Digital Intelig\u00eancia","article_modified_time":"2024-01-23T18:18:47+00:00","og_image":[{"width":380,"height":380,"url":"https:\/\/xn--digitalinteligncia-7wb.com.br\/wp-content\/uploads\/2024\/01\/GrupoMindBR.jpeg","type":"image\/jpeg"}],"twitter_card":"summary_large_image","schema":{"@context":"https:\/\/schema.org","@graph":[{"@type":"WebPage","@id":"https:\/\/xn--digitalinteligncia-7wb.com.br\/","url":"https:\/\/xn--digitalinteligncia-7wb.com.br\/","name":"Abertura | Digital Intelig\u00eancia","isPartOf":{"@id":"https:\/\/xn--digitalinteligncia-7wb.com.br\/#website"},"primaryImageOfPage":{"@id":"https:\/\/xn--digitalinteligncia-7wb.com.br\/#primaryimage"},"image":{"@id":"https:\/\/xn--digitalinteligncia-7wb.com.br\/#primaryimage"},"thumbnailUrl":"https:\/\/xn--digitalinteligncia-7wb.com.br\/wp-content\/uploads\/2024\/01\/GrupoMindBR.jpeg","datePublished":"2024-01-03T15:14:00+00:00","dateModified":"2024-01-23T18:18:47+00:00","breadcrumb":{"@id":"https:\/\/xn--digitalinteligncia-7wb.com.br\/#breadcrumb"},"inLanguage":"pt-BR","potentialAction":[{"@type":"ReadAction","target":["https:\/\/xn--digitalinteligncia-7wb.com.br\/"]}]},{"@type":"ImageObject","inLanguage":"pt-BR","@id":"https:\/\/xn--digitalinteligncia-7wb.com.br\/#primaryimage","url":"https:\/\/xn--digitalinteligncia-7wb.com.br\/wp-content\/uploads\/2024\/01\/GrupoMindBR.jpeg","contentUrl":"https:\/\/xn--digitalinteligncia-7wb.com.br\/wp-content\/uploads\/2024\/01\/GrupoMindBR.jpeg","width":380,"height":380},{"@type":"BreadcrumbList","@id":"https:\/\/xn--digitalinteligncia-7wb.com.br\/#breadcrumb","itemListElement":[{"@type":"ListItem","position":1,"name":"In\u00edcio","item":"https:\/\/xn--digitalinteligncia-7wb.com.br\/"},{"@type":"ListItem","position":2,"name":"Abertura"}]},{"@type":"WebSite","@id":"https:\/\/xn--digitalinteligncia-7wb.com.br\/#website","url":"https:\/\/xn--digitalinteligncia-7wb.com.br\/","name":"Digital Intelig\u00eancia","description":"Servi\u00e7os de Intelig\u00eancia Digital","publisher":{"@id":"https:\/\/xn--digitalinteligncia-7wb.com.br\/#organization"},"potentialAction":[{"@type":"SearchAction","target":{"@type":"EntryPoint","urlTemplate":"https:\/\/xn--digitalinteligncia-7wb.com.br\/?s={search_term_string}"},"query-input":{"@type":"PropertyValueSpecification","valueRequired":true,"valueName":"search_term_string"}}],"inLanguage":"pt-BR"},{"@type":"Organization","@id":"https:\/\/xn--digitalinteligncia-7wb.com.br\/#organization","name":"Digital Intelig\u00eancia","url":"https:\/\/xn--digitalinteligncia-7wb.com.br\/","logo":{"@type":"ImageObject","inLanguage":"pt-BR","@id":"https:\/\/xn--digitalinteligncia-7wb.com.br\/#\/schema\/logo\/image\/","url":"https:\/\/xn--digitalinteligncia-7wb.com.br\/wp-content\/uploads\/2024\/01\/Distico.png","contentUrl":"https:\/\/xn--digitalinteligncia-7wb.com.br\/wp-content\/uploads\/2024\/01\/Distico.png","width":500,"height":500,"caption":"Digital Intelig\u00eancia"},"image":{"@id":"https:\/\/xn--digitalinteligncia-7wb.com.br\/#\/schema\/logo\/image\/"}}]}},"_links":{"self":[{"href":"https:\/\/xn--digitalinteligncia-7wb.com.br\/index.php\/wp-json\/wp\/v2\/pages\/13","targetHints":{"allow":["GET"]}}],"collection":[{"href":"https:\/\/xn--digitalinteligncia-7wb.com.br\/index.php\/wp-json\/wp\/v2\/pages"}],"about":[{"href":"https:\/\/xn--digitalinteligncia-7wb.com.br\/index.php\/wp-json\/wp\/v2\/types\/page"}],"author":[{"embeddable":true,"href":"https:\/\/xn--digitalinteligncia-7wb.com.br\/index.php\/wp-json\/wp\/v2\/users\/1"}],"replies":[{"embeddable":true,"href":"https:\/\/xn--digitalinteligncia-7wb.com.br\/index.php\/wp-json\/wp\/v2\/comments?post=13"}],"version-history":[{"count":118,"href":"https:\/\/xn--digitalinteligncia-7wb.com.br\/index.php\/wp-json\/wp\/v2\/pages\/13\/revisions"}],"predecessor-version":[{"id":285,"href":"https:\/\/xn--digitalinteligncia-7wb.com.br\/index.php\/wp-json\/wp\/v2\/pages\/13\/revisions\/285"}],"wp:featuredmedia":[{"embeddable":true,"href":"https:\/\/xn--digitalinteligncia-7wb.com.br\/index.php\/wp-json\/wp\/v2\/media\/15"}],"wp:attachment":[{"href":"https:\/\/xn--digitalinteligncia-7wb.com.br\/index.php\/wp-json\/wp\/v2\/media?parent=13"}],"curies":[{"name":"wp","href":"https:\/\/api.w.org\/{rel}","templated":true}]}}